{"id":132,"date":"2016-06-15T06:31:19","date_gmt":"2016-06-15T06:31:19","guid":{"rendered":"http:\/\/192.168.178.23\/wordpress\/?page_id=132"},"modified":"2025-05-09T13:01:44","modified_gmt":"2025-05-09T11:01:44","slug":"foto-impressionen-der-praxis","status":"publish","type":"page","link":"https:\/\/www.antje-loos-heilpraktikerin.de\/wordpress\/foto-impressionen-der-praxis\/","title":{"rendered":"Foto-Impressionen der Praxis"},"content":{"rendered":"\n<figure class=\"wp-block-image alignleft size-medium wp-image-182\"><img loading=\"lazy\" decoding=\"async\" width=\"300\" height=\"169\" src=\"http:\/\/www.antje-loos-heilpraktikerin.de\/wordpress\/wp-content\/uploads\/2016\/06\/20160610_170624-300x169.jpg\" alt=\"\" class=\"wp-image-182\" srcset=\"https:\/\/www.antje-loos-heilpraktikerin.de\/wordpress\/wp-content\/uploads\/2016\/06\/20160610_170624-300x169.jpg 300w, https:\/\/www.antje-loos-heilpraktikerin.de\/wordpress\/wp-content\/uploads\/2016\/06\/20160610_170624-768x432.jpg 768w, https:\/\/www.antje-loos-heilpraktikerin.de\/wordpress\/wp-content\/uploads\/2016\/06\/20160610_170624-1024x576.jpg 1024w\" sizes=\"auto, (max-width: 300px) 100vw, 300px\" \/><figcaption class=\"wp-element-caption\">Hier sind Sie richtig! Die Praxis befindet sich mit Rosen vor dem Eingang in der Arndtstra\u00dfe 33, direkt an der Ecke zur Angermaierstra\u00dfe. Es sind nur ca. 200 m Fu\u00dfweg bis zur n\u00e4chsten MVV-Bus-Haltestelle \u201eAngermaierstra\u00dfe\u201c der Buslinien 620 und 621 jeweils zum S-Bahnhof Freising mit S1- und z\u00fcgiger Bahn-Anbindung nach M\u00fcnchen.<\/figcaption><\/figure>\n\n\n\n<figure class=\"wp-block-image aligncenter wp-image-664 size-medium\"><img loading=\"lazy\" decoding=\"async\" width=\"169\" height=\"300\" src=\"http:\/\/www.antje-loos-heilpraktikerin.de\/wordpress\/wp-content\/uploads\/2016\/06\/Energietanken_am_frischen_Wasser_obik-169x300.jpg\" alt=\"\" class=\"wp-image-664\" srcset=\"https:\/\/www.antje-loos-heilpraktikerin.de\/wordpress\/wp-content\/uploads\/2016\/06\/Energietanken_am_frischen_Wasser_obik-169x300.jpg 169w, https:\/\/www.antje-loos-heilpraktikerin.de\/wordpress\/wp-content\/uploads\/2016\/06\/Energietanken_am_frischen_Wasser_obik-768x1365.jpg 768w, https:\/\/www.antje-loos-heilpraktikerin.de\/wordpress\/wp-content\/uploads\/2016\/06\/Energietanken_am_frischen_Wasser_obik-576x1024.jpg 576w, https:\/\/www.antje-loos-heilpraktikerin.de\/wordpress\/wp-content\/uploads\/2016\/06\/Energietanken_am_frischen_Wasser_obik.jpg 1440w\" sizes=\"auto, (max-width: 169px) 100vw, 169px\" \/><figcaption class=\"wp-element-caption\">&#8222;Aufgestaute Energien wieder nat\u00fcrlich flie\u00dfen lassen&#8220;, &#8222;unvertr\u00e4glich Altes kann losgelassen werden&#8220; und &#8222;das nat\u00fcrliche Gleichgewicht darf sich wieder finden&#8220;. Das sind die drei wichtigsten Leits\u00e4tze der Inhaberin dieser Praxis f\u00fcr energetische Heilweisen: Antje Loos, Heilpraktikerin.<\/figcaption><\/figure>\n\n\n\n<figure class=\"wp-block-image alignright size-medium wp-image-177\"><img loading=\"lazy\" decoding=\"async\" width=\"169\" height=\"300\" src=\"http:\/\/www.antje-loos-heilpraktikerin.de\/wordpress\/wp-content\/uploads\/2016\/06\/20160610_170226-e1467028322489-169x300.jpg\" alt=\"Willkommen nach telefonischer Anmeldung\" class=\"wp-image-177\" srcset=\"https:\/\/www.antje-loos-heilpraktikerin.de\/wordpress\/wp-content\/uploads\/2016\/06\/20160610_170226-e1467028322489-169x300.jpg 169w, https:\/\/www.antje-loos-heilpraktikerin.de\/wordpress\/wp-content\/uploads\/2016\/06\/20160610_170226-e1467028322489-768x1365.jpg 768w, https:\/\/www.antje-loos-heilpraktikerin.de\/wordpress\/wp-content\/uploads\/2016\/06\/20160610_170226-e1467028322489-576x1024.jpg 576w, https:\/\/www.antje-loos-heilpraktikerin.de\/wordpress\/wp-content\/uploads\/2016\/06\/20160610_170226-e1467028322489.jpg 1440w\" sizes=\"auto, (max-width: 169px) 100vw, 169px\" \/><figcaption class=\"wp-element-caption\">Willkommen zur Behandlung! Einfach sich vorab telefonisch einen Termin reservieren: 08161 5194041.<\/figcaption><\/figure>\n\n\n\n<figure class=\"wp-block-image aligncenter wp-image-602 size-medium\"><img loading=\"lazy\" decoding=\"async\" width=\"300\" height=\"225\" src=\"http:\/\/www.antje-loos-heilpraktikerin.de\/wordpress\/wp-content\/uploads\/2016\/06\/20170517Taiji_ins_Meer_135648-300x225.jpg\" alt=\"\" class=\"wp-image-602\" srcset=\"https:\/\/www.antje-loos-heilpraktikerin.de\/wordpress\/wp-content\/uploads\/2016\/06\/20170517Taiji_ins_Meer_135648-300x225.jpg 300w, https:\/\/www.antje-loos-heilpraktikerin.de\/wordpress\/wp-content\/uploads\/2016\/06\/20170517Taiji_ins_Meer_135648-768x576.jpg 768w, https:\/\/www.antje-loos-heilpraktikerin.de\/wordpress\/wp-content\/uploads\/2016\/06\/20170517Taiji_ins_Meer_135648-1024x768.jpg 1024w, https:\/\/www.antje-loos-heilpraktikerin.de\/wordpress\/wp-content\/uploads\/2016\/06\/20170517Taiji_ins_Meer_135648.jpg 1280w\" sizes=\"auto, (max-width: 300px) 100vw, 300px\" \/><figcaption class=\"wp-element-caption\">Heilpraktikerin Antje Loos beim Taiji, Yang-Stil, Peking-Form nach Zhang Xiao Ping zur energetischen Gesundheitspflege. Aktuelle Kurse bei der Volkshochschule Moosburg.<\/figcaption><\/figure>\n\n\n\n<figure class=\"wp-block-image alignleft size-medium wp-image-609\"><img loading=\"lazy\" decoding=\"async\" width=\"169\" height=\"300\" src=\"http:\/\/www.antje-loos-heilpraktikerin.de\/wordpress\/wp-content\/uploads\/2016\/06\/Entree-Praxis-e1517851470108-169x300.jpg\" alt=\"\" class=\"wp-image-609\" srcset=\"https:\/\/www.antje-loos-heilpraktikerin.de\/wordpress\/wp-content\/uploads\/2016\/06\/Entree-Praxis-e1517851470108-169x300.jpg 169w, https:\/\/www.antje-loos-heilpraktikerin.de\/wordpress\/wp-content\/uploads\/2016\/06\/Entree-Praxis-e1517851470108-768x1365.jpg 768w, https:\/\/www.antje-loos-heilpraktikerin.de\/wordpress\/wp-content\/uploads\/2016\/06\/Entree-Praxis-e1517851470108-576x1024.jpg 576w, https:\/\/www.antje-loos-heilpraktikerin.de\/wordpress\/wp-content\/uploads\/2016\/06\/Entree-Praxis-e1517851470108.jpg 1108w\" sizes=\"auto, (max-width: 169px) 100vw, 169px\" \/><figcaption class=\"wp-element-caption\">Ein Blick in den Eingangsbereich<\/figcaption><\/figure>\n\n\n\n<figure class=\"wp-block-image aligncenter size-medium wp-image-710\"><img loading=\"lazy\" decoding=\"async\" width=\"300\" height=\"169\" src=\"http:\/\/www.antje-loos-heilpraktikerin.de\/wordpress\/wp-content\/uploads\/2016\/06\/PyramidenVorgeschmack-300x169.jpg\" alt=\"\" class=\"wp-image-710\" srcset=\"https:\/\/www.antje-loos-heilpraktikerin.de\/wordpress\/wp-content\/uploads\/2016\/06\/PyramidenVorgeschmack-300x169.jpg 300w, https:\/\/www.antje-loos-heilpraktikerin.de\/wordpress\/wp-content\/uploads\/2016\/06\/PyramidenVorgeschmack-768x432.jpg 768w, https:\/\/www.antje-loos-heilpraktikerin.de\/wordpress\/wp-content\/uploads\/2016\/06\/PyramidenVorgeschmack-1024x576.jpg 1024w\" sizes=\"auto, (max-width: 300px) 100vw, 300px\" \/><figcaption class=\"wp-element-caption\">Nat\u00fcrliche, interessante Wege d\u00fcrfen beschritten werden<\/figcaption><\/figure>\n\n\n\n<figure class=\"wp-block-image alignright wp-image-157 size-medium\"><img loading=\"lazy\" decoding=\"async\" width=\"300\" height=\"169\" src=\"http:\/\/www.antje-loos-heilpraktikerin.de\/wordpress\/wp-content\/uploads\/2016\/06\/20160610_163431-300x169.jpg\" alt=\"Kleine Galerie mit dem Heilsymbolbild &quot;Heilung f\u00fcr und von Mutter Erde&quot; von Stephanie Barth\" class=\"wp-image-157\" srcset=\"https:\/\/www.antje-loos-heilpraktikerin.de\/wordpress\/wp-content\/uploads\/2016\/06\/20160610_163431-300x169.jpg 300w, https:\/\/www.antje-loos-heilpraktikerin.de\/wordpress\/wp-content\/uploads\/2016\/06\/20160610_163431-768x432.jpg 768w, https:\/\/www.antje-loos-heilpraktikerin.de\/wordpress\/wp-content\/uploads\/2016\/06\/20160610_163431-1024x576.jpg 1024w\" sizes=\"auto, (max-width: 300px) 100vw, 300px\" \/><figcaption class=\"wp-element-caption\">Kleine Galerie mit dem Heilsymbolbild des Titels: &#8222;Heilung f\u00fcr und von Mutter Erde&#8220;, angefertigt von Stephanie Barth, das sich bereits seit der Praxiser\u00f6ffnung dort befindet und der Praxis den Kosenamen &#8222;Erdpraxis&#8220; verliehen hat<\/figcaption><\/figure>\n\n\n\n<figure class=\"wp-block-image aligncenter size-medium wp-image-156\"><img loading=\"lazy\" decoding=\"async\" width=\"169\" height=\"300\" src=\"http:\/\/www.antje-loos-heilpraktikerin.de\/wordpress\/wp-content\/uploads\/2016\/06\/20160610_163404-e1467028746356-169x300.jpg\" alt=\"Der Weg zum Sprechzimmer\" class=\"wp-image-156\" srcset=\"https:\/\/www.antje-loos-heilpraktikerin.de\/wordpress\/wp-content\/uploads\/2016\/06\/20160610_163404-e1467028746356-169x300.jpg 169w, https:\/\/www.antje-loos-heilpraktikerin.de\/wordpress\/wp-content\/uploads\/2016\/06\/20160610_163404-e1467028746356-768x1365.jpg 768w, https:\/\/www.antje-loos-heilpraktikerin.de\/wordpress\/wp-content\/uploads\/2016\/06\/20160610_163404-e1467028746356-576x1024.jpg 576w, https:\/\/www.antje-loos-heilpraktikerin.de\/wordpress\/wp-content\/uploads\/2016\/06\/20160610_163404-e1467028746356.jpg 1440w\" sizes=\"auto, (max-width: 169px) 100vw, 169px\" \/><figcaption class=\"wp-element-caption\">Der Weg \u00fcber 7 Sufen hinein ins Sprechzimmer<\/figcaption><\/figure>\n\n\n\n<figure class=\"wp-block-image alignleft size-medium wp-image-155\"><img loading=\"lazy\" decoding=\"async\" width=\"169\" height=\"300\" src=\"http:\/\/www.antje-loos-heilpraktikerin.de\/wordpress\/wp-content\/uploads\/2016\/06\/20160610_163342-e1467028052826-169x300.jpg\" alt=\"kleine Teeecke im Sprechzimmer\" class=\"wp-image-155\" srcset=\"https:\/\/www.antje-loos-heilpraktikerin.de\/wordpress\/wp-content\/uploads\/2016\/06\/20160610_163342-e1467028052826-169x300.jpg 169w, https:\/\/www.antje-loos-heilpraktikerin.de\/wordpress\/wp-content\/uploads\/2016\/06\/20160610_163342-e1467028052826-768x1365.jpg 768w, https:\/\/www.antje-loos-heilpraktikerin.de\/wordpress\/wp-content\/uploads\/2016\/06\/20160610_163342-e1467028052826-576x1024.jpg 576w, https:\/\/www.antje-loos-heilpraktikerin.de\/wordpress\/wp-content\/uploads\/2016\/06\/20160610_163342-e1467028052826.jpg 1440w\" sizes=\"auto, (max-width: 169px) 100vw, 169px\" \/><figcaption class=\"wp-element-caption\">Kleine Teenische im Sprechzimmer<\/figcaption><\/figure>\n\n\n\n<figure class=\"wp-block-image alignright size-medium wp-image-716\"><img loading=\"lazy\" decoding=\"async\" width=\"226\" height=\"300\" src=\"http:\/\/www.antje-loos-heilpraktikerin.de\/wordpress\/wp-content\/uploads\/2016\/06\/Sprechzimmer-e1517857036829-226x300.jpg\" alt=\"\" class=\"wp-image-716\" srcset=\"https:\/\/www.antje-loos-heilpraktikerin.de\/wordpress\/wp-content\/uploads\/2016\/06\/Sprechzimmer-e1517857036829-226x300.jpg 226w, https:\/\/www.antje-loos-heilpraktikerin.de\/wordpress\/wp-content\/uploads\/2016\/06\/Sprechzimmer-e1517857036829-768x1021.jpg 768w, https:\/\/www.antje-loos-heilpraktikerin.de\/wordpress\/wp-content\/uploads\/2016\/06\/Sprechzimmer-e1517857036829-770x1024.jpg 770w, https:\/\/www.antje-loos-heilpraktikerin.de\/wordpress\/wp-content\/uploads\/2016\/06\/Sprechzimmer-e1517857036829.jpg 1420w\" sizes=\"auto, (max-width: 226px) 100vw, 226px\" \/><figcaption class=\"wp-element-caption\">Das Sprechzimmer<\/figcaption><\/figure>\n\n\n\n<figure class=\"wp-block-image aligncenter size-medium wp-image-667\"><img loading=\"lazy\" decoding=\"async\" width=\"219\" height=\"300\" src=\"http:\/\/www.antje-loos-heilpraktikerin.de\/wordpress\/wp-content\/uploads\/2016\/06\/Energietanken_entzu\u0308ckt_am_Meer-e1517857285349-219x300.jpg\" alt=\"\" class=\"wp-image-667\" srcset=\"https:\/\/www.antje-loos-heilpraktikerin.de\/wordpress\/wp-content\/uploads\/2016\/06\/Energietanken_entzu\u0308ckt_am_Meer-e1517857285349-219x300.jpg 219w, https:\/\/www.antje-loos-heilpraktikerin.de\/wordpress\/wp-content\/uploads\/2016\/06\/Energietanken_entzu\u0308ckt_am_Meer-e1517857285349-768x1050.jpg 768w, https:\/\/www.antje-loos-heilpraktikerin.de\/wordpress\/wp-content\/uploads\/2016\/06\/Energietanken_entzu\u0308ckt_am_Meer-e1517857285349-749x1024.jpg 749w, https:\/\/www.antje-loos-heilpraktikerin.de\/wordpress\/wp-content\/uploads\/2016\/06\/Energietanken_entzu\u0308ckt_am_Meer-e1517857285349.jpg 828w\" sizes=\"auto, (max-width: 219px) 100vw, 219px\" \/><figcaption class=\"wp-element-caption\">Im Gespr\u00e4ch mit Heilpraktikerin Antje Loos k\u00f6nnen Wege zur erfrischten Energie angesprochen werden<\/figcaption><\/figure>\n\n\n\n<figure class=\"wp-block-image aligncenter size-medium wp-image-162\"><img loading=\"lazy\" decoding=\"async\" width=\"300\" height=\"169\" src=\"http:\/\/www.antje-loos-heilpraktikerin.de\/wordpress\/wp-content\/uploads\/2016\/06\/20160610_1639051-300x169.jpg\" alt=\"Der Behandlungsraum mit farbenfroher Liege zum richtig Wohlf\u00fchlen\" class=\"wp-image-162\" srcset=\"https:\/\/www.antje-loos-heilpraktikerin.de\/wordpress\/wp-content\/uploads\/2016\/06\/20160610_1639051-300x169.jpg 300w, https:\/\/www.antje-loos-heilpraktikerin.de\/wordpress\/wp-content\/uploads\/2016\/06\/20160610_1639051-768x432.jpg 768w, https:\/\/www.antje-loos-heilpraktikerin.de\/wordpress\/wp-content\/uploads\/2016\/06\/20160610_1639051-1024x576.jpg 1024w\" sizes=\"auto, (max-width: 300px) 100vw, 300px\" \/><figcaption class=\"wp-element-caption\">Der Behandlungsraum mit farbenfroher Liege zum richtig Wohlf\u00fchlen<\/figcaption><\/figure>\n\n\n\n<figure class=\"wp-block-image aligncenter wp-image-610 size-medium\"><img loading=\"lazy\" decoding=\"async\" width=\"300\" height=\"274\" src=\"http:\/\/www.antje-loos-heilpraktikerin.de\/wordpress\/wp-content\/uploads\/2016\/06\/Handwaschecke-e1517850781365-300x274.jpg\" alt=\"\" class=\"wp-image-610\" srcset=\"https:\/\/www.antje-loos-heilpraktikerin.de\/wordpress\/wp-content\/uploads\/2016\/06\/Handwaschecke-e1517850781365-300x274.jpg 300w, https:\/\/www.antje-loos-heilpraktikerin.de\/wordpress\/wp-content\/uploads\/2016\/06\/Handwaschecke-e1517850781365-768x701.jpg 768w, https:\/\/www.antje-loos-heilpraktikerin.de\/wordpress\/wp-content\/uploads\/2016\/06\/Handwaschecke-e1517850781365.jpg 889w\" sizes=\"auto, (max-width: 300px) 100vw, 300px\" \/><figcaption class=\"wp-element-caption\">Hygienisches Handwaschbecken im Behandlungsraum<\/figcaption><\/figure>\n\n\n\n<figure class=\"wp-block-image aligncenter size-medium wp-image-209\"><img loading=\"lazy\" decoding=\"async\" width=\"257\" height=\"300\" src=\"http:\/\/www.antje-loos-heilpraktikerin.de\/wordpress\/wp-content\/uploads\/2016\/05\/20160627_140516-e1467144351205-257x300.jpg\" alt=\"Farbiges Leuchtelement\" class=\"wp-image-209\" srcset=\"https:\/\/www.antje-loos-heilpraktikerin.de\/wordpress\/wp-content\/uploads\/2016\/05\/20160627_140516-e1467144351205-257x300.jpg 257w, https:\/\/www.antje-loos-heilpraktikerin.de\/wordpress\/wp-content\/uploads\/2016\/05\/20160627_140516-e1467144351205-768x896.jpg 768w, https:\/\/www.antje-loos-heilpraktikerin.de\/wordpress\/wp-content\/uploads\/2016\/05\/20160627_140516-e1467144351205-877x1024.jpg 877w, https:\/\/www.antje-loos-heilpraktikerin.de\/wordpress\/wp-content\/uploads\/2016\/05\/20160627_140516-e1467144351205.jpg 1299w\" sizes=\"auto, (max-width: 257px) 100vw, 257px\" \/><figcaption class=\"wp-element-caption\">Farbiges Licht in der jeweils passenden Wohlf\u00fchlfarbe, individuell f\u00fcr den gerade da seienden Menschen<\/figcaption><\/figure>\n\n\n\n<figure class=\"wp-block-image aligncenter size-medium wp-image-166\"><img loading=\"lazy\" decoding=\"async\" width=\"300\" height=\"147\" src=\"http:\/\/www.antje-loos-heilpraktikerin.de\/wordpress\/wp-content\/uploads\/2016\/06\/20160610_1640401-e1467032989688-300x147.jpg\" alt=\"Blick von der Liege aus in den Himmel\" class=\"wp-image-166\" srcset=\"https:\/\/www.antje-loos-heilpraktikerin.de\/wordpress\/wp-content\/uploads\/2016\/06\/20160610_1640401-e1467032989688-300x147.jpg 300w, https:\/\/www.antje-loos-heilpraktikerin.de\/wordpress\/wp-content\/uploads\/2016\/06\/20160610_1640401-e1467032989688-768x377.jpg 768w, https:\/\/www.antje-loos-heilpraktikerin.de\/wordpress\/wp-content\/uploads\/2016\/06\/20160610_1640401-e1467032989688-1024x502.jpg 1024w\" sizes=\"auto, (max-width: 300px) 100vw, 300px\" \/><figcaption class=\"wp-element-caption\">Der Blick von der Liege aus durch die Oberlichtfenster in den Himmel. Eine helle und freundliche Wohlf\u00fchlatmosph\u00e4re, die zum Genesen einl\u00e4dt!<\/figcaption><\/figure>\n\n\n\n<figure class=\"wp-block-image aligncenter wp-image-143 size-medium\"><img loading=\"lazy\" decoding=\"async\" width=\"300\" height=\"296\" src=\"http:\/\/www.antje-loos-heilpraktikerin.de\/wordpress\/wp-content\/uploads\/2016\/06\/20160610_161128-e1467033246601-300x296.jpg\" alt=\"Die Behandlungsliege als deas Herzst\u00fcck der Praxis\" class=\"wp-image-143\" srcset=\"https:\/\/www.antje-loos-heilpraktikerin.de\/wordpress\/wp-content\/uploads\/2016\/06\/20160610_161128-e1467033246601-300x296.jpg 300w, https:\/\/www.antje-loos-heilpraktikerin.de\/wordpress\/wp-content\/uploads\/2016\/06\/20160610_161128-e1467033246601-768x757.jpg 768w, https:\/\/www.antje-loos-heilpraktikerin.de\/wordpress\/wp-content\/uploads\/2016\/06\/20160610_161128-e1467033246601-1024x1009.jpg 1024w, https:\/\/www.antje-loos-heilpraktikerin.de\/wordpress\/wp-content\/uploads\/2016\/06\/20160610_161128-e1467033246601.jpg 1273w\" sizes=\"auto, (max-width: 300px) 100vw, 300px\" \/><figcaption class=\"wp-element-caption\">Die Behandlungsliege als das Herzst\u00fcck der Praxis<\/figcaption><\/figure>\n\n\n\n<figure class=\"wp-block-image alignleft size-medium wp-image-734\"><img loading=\"lazy\" decoding=\"async\" width=\"169\" height=\"300\" src=\"http:\/\/www.antje-loos-heilpraktikerin.de\/wordpress\/wp-content\/uploads\/2016\/06\/Meridianpuppe_Herbst_Wind-169x300.jpg\" alt=\"\" class=\"wp-image-734\" srcset=\"https:\/\/www.antje-loos-heilpraktikerin.de\/wordpress\/wp-content\/uploads\/2016\/06\/Meridianpuppe_Herbst_Wind-169x300.jpg 169w, https:\/\/www.antje-loos-heilpraktikerin.de\/wordpress\/wp-content\/uploads\/2016\/06\/Meridianpuppe_Herbst_Wind-768x1365.jpg 768w, https:\/\/www.antje-loos-heilpraktikerin.de\/wordpress\/wp-content\/uploads\/2016\/06\/Meridianpuppe_Herbst_Wind-576x1024.jpg 576w, https:\/\/www.antje-loos-heilpraktikerin.de\/wordpress\/wp-content\/uploads\/2016\/06\/Meridianpuppe_Herbst_Wind.jpg 1440w\" sizes=\"auto, (max-width: 169px) 100vw, 169px\" \/><figcaption class=\"wp-element-caption\">Meridian-Lady Yin<\/figcaption><\/figure>\n\n\n\n<figure class=\"wp-block-image alignright size-medium wp-image-731\"><img loading=\"lazy\" decoding=\"async\" width=\"169\" height=\"300\" src=\"http:\/\/www.antje-loos-heilpraktikerin.de\/wordpress\/wp-content\/uploads\/2016\/06\/Meridianpuppe_dorsal_Schwung_Herbst-169x300.jpg\" alt=\"\" class=\"wp-image-731\" srcset=\"https:\/\/www.antje-loos-heilpraktikerin.de\/wordpress\/wp-content\/uploads\/2016\/06\/Meridianpuppe_dorsal_Schwung_Herbst-169x300.jpg 169w, https:\/\/www.antje-loos-heilpraktikerin.de\/wordpress\/wp-content\/uploads\/2016\/06\/Meridianpuppe_dorsal_Schwung_Herbst-768x1365.jpg 768w, https:\/\/www.antje-loos-heilpraktikerin.de\/wordpress\/wp-content\/uploads\/2016\/06\/Meridianpuppe_dorsal_Schwung_Herbst-576x1024.jpg 576w, https:\/\/www.antje-loos-heilpraktikerin.de\/wordpress\/wp-content\/uploads\/2016\/06\/Meridianpuppe_dorsal_Schwung_Herbst.jpg 1440w\" sizes=\"auto, (max-width: 169px) 100vw, 169px\" \/><figcaption class=\"wp-element-caption\">Yang-Meridiane<\/figcaption><\/figure>\n\n\n\n<figure class=\"wp-block-image aligncenter size-large wp-image-1204\"><img loading=\"lazy\" decoding=\"async\" width=\"576\" height=\"1024\" src=\"https:\/\/www.antje-loos-heilpraktikerin.de\/wordpress\/wp-content\/uploads\/2023\/03\/PraxisGespra\u0308chsstuhl-576x1024.jpg\" alt=\"\" class=\"wp-image-1204\" srcset=\"https:\/\/www.antje-loos-heilpraktikerin.de\/wordpress\/wp-content\/uploads\/2023\/03\/PraxisGespra\u0308chsstuhl-576x1024.jpg 576w, https:\/\/www.antje-loos-heilpraktikerin.de\/wordpress\/wp-content\/uploads\/2023\/03\/PraxisGespra\u0308chsstuhl-169x300.jpg 169w, https:\/\/www.antje-loos-heilpraktikerin.de\/wordpress\/wp-content\/uploads\/2023\/03\/PraxisGespra\u0308chsstuhl-768x1365.jpg 768w, https:\/\/www.antje-loos-heilpraktikerin.de\/wordpress\/wp-content\/uploads\/2023\/03\/PraxisGespra\u0308chsstuhl-864x1536.jpg 864w, https:\/\/www.antje-loos-heilpraktikerin.de\/wordpress\/wp-content\/uploads\/2023\/03\/PraxisGespra\u0308chsstuhl-1152x2048.jpg 1152w, https:\/\/www.antje-loos-heilpraktikerin.de\/wordpress\/wp-content\/uploads\/2023\/03\/PraxisGespra\u0308chsstuhl-scaled.jpg 1440w\" sizes=\"auto, (max-width: 576px) 100vw, 576px\" \/><figcaption class=\"wp-element-caption\">Eine einladende Sitzgm\u00f6glivhkeit f\u00fcr l\u00e4ngere Gespr\u00e4che<\/figcaption><\/figure>\n\n\n\n<figure class=\"wp-block-image aligncenter size-medium wp-image-619\"><img loading=\"lazy\" decoding=\"async\" width=\"132\" height=\"300\" src=\"http:\/\/www.antje-loos-heilpraktikerin.de\/wordpress\/wp-content\/uploads\/2016\/06\/20171028_172929-e1517852562135-132x300.jpg\" alt=\"\" class=\"wp-image-619\" srcset=\"https:\/\/www.antje-loos-heilpraktikerin.de\/wordpress\/wp-content\/uploads\/2016\/06\/20171028_172929-e1517852562135-132x300.jpg 132w, https:\/\/www.antje-loos-heilpraktikerin.de\/wordpress\/wp-content\/uploads\/2016\/06\/20171028_172929-e1517852562135-768x1751.jpg 768w, https:\/\/www.antje-loos-heilpraktikerin.de\/wordpress\/wp-content\/uploads\/2016\/06\/20171028_172929-e1517852562135-449x1024.jpg 449w, https:\/\/www.antje-loos-heilpraktikerin.de\/wordpress\/wp-content\/uploads\/2016\/06\/20171028_172929-e1517852562135.jpg 985w\" sizes=\"auto, (max-width: 132px) 100vw, 132px\" \/><figcaption class=\"wp-element-caption\">Heilpraktikerin Antje Loos auf der Gesundheitsmesse &#8222;Bleib fit&#8220; in M\u00fcnchen im Oktober 2017<\/figcaption><\/figure>\n\n\n\n<figure class=\"wp-block-image alignnone size-large wp-image-868\"><img loading=\"lazy\" decoding=\"async\" width=\"1024\" height=\"576\" src=\"http:\/\/www.antje-loos-heilpraktikerin.de\/wordpress\/wp-content\/uploads\/2018\/06\/STDvLinks20180325_123337-1024x576.jpg\" alt=\"\" class=\"wp-image-868\" srcset=\"https:\/\/www.antje-loos-heilpraktikerin.de\/wordpress\/wp-content\/uploads\/2018\/06\/STDvLinks20180325_123337-1024x576.jpg 1024w, https:\/\/www.antje-loos-heilpraktikerin.de\/wordpress\/wp-content\/uploads\/2018\/06\/STDvLinks20180325_123337-300x169.jpg 300w, https:\/\/www.antje-loos-heilpraktikerin.de\/wordpress\/wp-content\/uploads\/2018\/06\/STDvLinks20180325_123337-768x432.jpg 768w\" sizes=\"auto, (max-width: 1024px) 100vw, 1024px\" \/><figcaption class=\"wp-element-caption\">Informationsstand am Tag der offenen T\u00fcr im Seniorenzentrum Neufahrn 2018<\/figcaption><\/figure>\n\n\n\n<figure class=\"wp-block-image size-full\"><img loading=\"lazy\" decoding=\"async\" width=\"774\" height=\"966\" src=\"https:\/\/www.antje-loos-heilpraktikerin.de\/wordpress\/wp-content\/uploads\/2019\/03\/AntjeLoosHeilraktikerin-e1552948065850.jpg\" alt=\"\" class=\"wp-image-944\" srcset=\"https:\/\/www.antje-loos-heilpraktikerin.de\/wordpress\/wp-content\/uploads\/2019\/03\/AntjeLoosHeilraktikerin-e1552948065850.jpg 774w, https:\/\/www.antje-loos-heilpraktikerin.de\/wordpress\/wp-content\/uploads\/2019\/03\/AntjeLoosHeilraktikerin-e1552948065850-240x300.jpg 240w, https:\/\/www.antje-loos-heilpraktikerin.de\/wordpress\/wp-content\/uploads\/2019\/03\/AntjeLoosHeilraktikerin-e1552948065850-768x959.jpg 768w\" sizes=\"auto, (max-width: 774px) 100vw, 774px\" \/><\/figure>\n","protected":false},"excerpt":{"rendered":"","protected":false},"author":1,"featured_media":613,"parent":0,"menu_order":0,"comment_status":"closed","ping_status":"closed","template":"","meta":{"footnotes":""},"class_list":["post-132","page","type-page","status-publish","has-post-thumbnail","hentry"],"_links":{"self":[{"href":"https:\/\/www.antje-loos-heilpraktikerin.de\/wordpress\/wp-json\/wp\/v2\/pages\/132","targetHints":{"allow":["GET"]}}],"collection":[{"href":"https:\/\/www.antje-loos-heilpraktikerin.de\/wordpress\/wp-json\/wp\/v2\/pages"}],"about":[{"href":"https:\/\/www.antje-loos-heilpraktikerin.de\/wordpress\/wp-json\/wp\/v2\/types\/page"}],"author":[{"embeddable":true,"href":"https:\/\/www.antje-loos-heilpraktikerin.de\/wordpress\/wp-json\/wp\/v2\/users\/1"}],"replies":[{"embeddable":true,"href":"https:\/\/www.antje-loos-heilpraktikerin.de\/wordpress\/wp-json\/wp\/v2\/comments?post=132"}],"version-history":[{"count":39,"href":"https:\/\/www.antje-loos-heilpraktikerin.de\/wordpress\/wp-json\/wp\/v2\/pages\/132\/revisions"}],"predecessor-version":[{"id":1433,"href":"https:\/\/www.antje-loos-heilpraktikerin.de\/wordpress\/wp-json\/wp\/v2\/pages\/132\/revisions\/1433"}],"wp:featuredmedia":[{"embeddable":true,"href":"https:\/\/www.antje-loos-heilpraktikerin.de\/wordpress\/wp-json\/wp\/v2\/media\/613"}],"wp:attachment":[{"href":"https:\/\/www.antje-loos-heilpraktikerin.de\/wordpress\/wp-json\/wp\/v2\/media?parent=132"}],"curies":[{"name":"wp","href":"https:\/\/api.w.org\/{rel}","templated":true}]}}